5. Give w(-6).
-1
Let x(p) = p**2 + 2*p - 3. Let g be (1 - 4)*(-10)/(-6). What is x(g)?
12
Let c be 4/(-6)*6 - -8. Let b be c*(4 + (-22)/8). Let x(y) = y**2 - 2 - 7*y + y + b + y. What is x(3)?
-3
Let v(i) = i**2 + 5*i. Let n be ((-6)/(-8))/((-3)/24). Let c(s) = s**3 + 7*s**2 + 10*s + 8. Let f be c(n). Let j be -12*-2*4/f. Calculate v(j).
6
Let f(w) be the first derivative of w**3/3 + 3*w**2/2 + 3*w - 56. What is f(0)?
3
Suppose 5*c - 48 = 21*c. Let g(k) = -k**3 - 5*k**2 - 3*k - 1. Calculate g(c).
-10
Let f(m) = m**3 - 14*m**2 + 9. Let l be f(14). Suppose 1 = 5*b - l. Let k(d) be the third derivative of -d**4/24 + d**3/3 + 7*d**2. Determine k(b).
0
Let z(w) be the second derivative of -w**7/840 - w**6/60 + w**5/24 - 5*w**4/12 + w**3 + 15*w. Let j(f) be the second derivative of z(f). Determine j(-7).
4
Let a = -2212 - -2209. Let v(r) be the second derivative of 0*r**2 + 0*r**3 + 0 + r - 1/12*r**4. Calculate v(a).
-9
Let p(o) = -o**2 - 9*o. Let l = -87 - -52. Let f = l - -27. Determine p(f).
8
Let u = 252 - 88. Let w(p) = 5*p - p - 156*p**2 - p**3 - 4 + u*p**2. What is w(8)?
28
Let s(l) = -18*l + 3 - 1 - 4 + 17*l. Determine s(3).
-5
Let u(f) = 101*f + 304. Let y be u(-3). Let z(x) = -8*x**3 - x**2 + 3*x - 5. Let l(n) = -12*n**3 - n**2 + 4*n - 7. Let b(o) = -5*l(o) + 7*z(o). What is b(y)?
3
Let o(x) = -27*x**2 - 4 - 2*x + 6*x + 19*x**2 + 9*x**2. Calculate o(-3).
-7
Let k(q) = q**3 - 3*q**2 - 2*q + 3. Let c(b) = b**3 - 2*b**2. Suppose 2*j = 0, 0*l + 2*j + 6 = 3*l. Let p be c(l). Let s = 3 - p. Determine k(s).
-3
Let d(x) = x**2 + x. Suppose -z - 2*h = -7*h - 18, 0 = 5*z - 3*h - 24. Let s(g) = 4*g**2 + 8*g - 3. Let v(n) = z*d(n) - s(n). Determine v(-5).
3
Let f(q) be the first derivative of 8 + 1/4*q**4 - 5/3*q**3 + 3/2*q**2 - q. Determine f(4).
-5
Let h(d) be the second derivative of d**3/3 + 19*d**2 - 143*d. What is h(-16)?
6
Let j(w) = -w**2 + 3*w - 3. Let a = -27 + 28. Let d be (a/(-3))/(6/(-234)). Suppose d - 9 = 2*k. Give j(k).
-1
Suppose j + 15 = 3*o, 6*o - 8*o + 2 = 2*j. Let g(a) be the first derivative of -3 - 9/2*a**2 + 8*a - 1/4*a**o + 7/3*a**3. Give g(6).
-10
Let c(u) be the third derivative of u**6/120 + u**5/10 - 7*u**4/24 + 2*u**3/3 - u**2. Let n(o) = 283*o + 842. Let b be n(-3). Give c(b).
4
Suppose 4*c - 8 = 3*c. Let v(o) = 2*o + o + c - 5*o + o. Calculate v(0).
8
Let i(w) = -4*w**2 - 20*w - 1. Let b be i(-5). Let o(a) be the second derivative of -5*a**3/2 + 11*a. Calculate o(b).
15
Let o(h) = -12*h - 2. Let w be -6 - -3 - (-1 - 1 - 0). Give o(w).
10
Let o be 14/4 + (-7)/14. Let a(t) = 3*t**3 - 4*t**3 + 2*t**o - 4 - 4*t**2 + 10*t**2 + 4*t. What is a(-5)?
1
Let q(s) = 3*s**2 + s. Let k(r) = -r**3 - 3*r**2 + r + 4. Let x(i) = -k(i) - 2*q(i). Give x(3).
-13
Let k(u) be the first derivative of -u**4/4 - 2*u**3 + 2*u**2 + u + 132. Calculate k(-6).
-23
Suppose 9 = -4*o + 3*v, -5*o + 2*v - 13 = -0*o. Let y be (6/9)/(o/9). Let b be 0 + -4 + y + 1. Let x(h) = -h**2 - 5*h - 4. What is x(b)?
-4
Let p(i) be the third derivative of -i**6/360 - i**5/24 + 7*i**4/24 + 11*i**3/6 + 3*i**2. Let j(f) be the first derivative of p(f). Calculate j(-7).
-7
Suppose -3*w + 4*w = -4. Let j be 4 + w + 1 + 3. Let i = 6 - j. Let t(z) = -z - 2. Determine t(i).
-4
Let s(u) be the first derivative of u**3 - 2*u**2 + 3*u + 6. Suppose 35*q - 33*q - 4 = 0. Give s(q).
7
Let n(r) = r**3 + 6*r**2 + 3*r + 8. Let x be ((-1)/2)/(((-5)/12)/(-5)). Determine n(x).
-10
Let i(o) = o + 9. Suppose 3*p + 1 = -4*a - 15, 3*p + 9 = 3*a. Let k be i(p). Let h(d) = -k - 2 + d + 0. Give h(0).
-7
Let h(v) = 2*v**2 + 11*v + 2. Let q(a) = -9*a**2 + 6*a - 4*a + 3*a + 10*a**2 + 1. Let g(x) = 6*h(x) - 13*q(x). Give g(0).
-1
Let z(c) = -c**3 + 6*c**2 + 6*c + 10. Suppose 2*t = -4*q + 24, -t + 0*q = q - 7. Suppose t + 28 = 5*o. Suppose 31 = o*m - 11. Determine z(m).
3
Let v(a) = 31*a - a**2 + 11 - 19*a + 25 - 27*a - 59. Determine v(-16).
-39
Let s(f) = -f**3 - 9*f**2 - 11*f - 24. Let b = -420 - -412. What is s(b)?
0
Let a = -244 + 733/3. Let l(s) be the second derivative of -4*s + 0 - a*s**3 + s**2. What is l(2)?
-2
Let z(p) = 16*p + 322. Let c be z(-20). Let f(r) = 5*r**2 - 5*r - 2. Calculate f(c).
8
Let t(s) = -6 + 0*s**2 + 3*s**2 - 4*s**2 + s - s**3. Let n = -44 - -53. Suppose y - n = -9. Calculate t(y).
-6
Let i = -6 + 16. Let w(b) = 18 + b**3 - 14 - i + 6*b + 7*b**2. What is w(-6)?
-6
Let l(u) = 7*u + 3 - 4*u - 2*u**2 + u**2. Suppose 722*o = 645*o + 462. Determine l(o).
-15
Let u(t) = t**3 + 6*t**2 - t - 1. Let r = 199 + -205. Calculate u(r).
5
Let b(r) = -3*r**3 - 6*r**2 - 2. Let m(x) = 5*x**3 + 11*x**2 + 3. Let v be -4 - (0/2)/2. Let w(u) = v*m(u) - 7*b(u). Suppose 45*p - 53*p = -16. Determine w(p).
2
Let w(j) = -2*j**3 + 8 - 16 - j**2 + j**3. Let z be -4 - (2 - (7 - 1)). What is w(z)?
-8
Let o(c) = -3*c - 233 + 221 + 2*c. What is o(-6)?
-6
Let v(g) be the third derivative of -g**5/60 + 9*g**3/2 + 81*g**2 + 6*g. What is v(5)?
2
Let v(r) be the second derivative of -r**3/3 - 3*r**2 - 139*r + 2. Calculate v(-2).
-2
Let z(b) = -b + 3. Suppose 5*r = -5*n - 78 + 3, n + 31 = -5*r. Give z(n).
14
Let j(l) be the third derivative of -l**6/360 + l**5/120 - l**4/12 + l**3/3 - 26*l**2. Let y(i) be the second derivative of j(i). Give y(1).
-1
Let f(c) = 41*c + 160. Let i(y) = 7*y + 25. Let l(n) = 2*f(n) - 13*i(n). Determine l(0).
-5
Let f(h) = 40*h**2 + 4*h + 7. Let d(t) = 205*t + 10*t**2 + 3 - 203*t + 10*t**2. Let q(p) = 5*d(p) - 2*f(p). Give q(-1).
19
Suppose x - 20 = -3*f, -5*x + 20 = -4*x + f. Let v = x + -17. Let q(t) = -t**3 + 3*t**2 - t + 1. Calculate q(v).
-2
Let w(c) = -6. Let r(j) = 5. Let v(f) = 5*r(f) + 4*w(f). Let y(t) = t - 6. Let b(s) = -5*v(s) - y(s). What is b(7)?
-6
Let h(q) be the first derivative of -q**4/4 + q**3 - 2*q - 9. Let l be h(2). Let r(i) = -6*i**2 + 5*i**l + 4*i**2 - i. Calculate r(2).
10
Let r be 6/(-45) - 231/(-45). Suppose r*s + 24 = g, 0*g + 4*s = g - 20. Let o(c) = 2*c**2 - 4*c. Calculate o(g).
16
Let k = 30 - 18. Suppose g - k = -3*g. Let d(r) = r + 3*r**3 + 0 - 3*r**2 - 3*r**2 - 4*r**g + 6. Give d(-6).
0
Let p(j) = -j**3 + 3*j**2 + 2*j - 4. Let d be p(3). Let c(r) = 4 + 8 - 3*r - 11 + d*r. Give c(3).
-2
Let a(y) = y**2 + 11*y + 9. Let v be (54/12)/((-6)/12). Give a(v).
-9
Let h be 14*(-4)/(-8) - (-12 - -9). Let o(d) = -d**3 + 10*d**2 - 3*d + 5. Determine o(h).
-25
Let l = -7 - -30. Suppose -l = 5*w + 4*o - 0, 3*w + 3 = 3*o. Let d(i) = -2*i - i**2 + i**2 - 2*i**2. Calculate d(w).
-12
Let b(f) = 0 - 20*f - 4 + f**3 + 3*f**2 + 21*f + 4*f**2 + 0*f**2. Give b(-4).
40
Let n(a) = 4*a + 7. Let r(t) = t**2 - 19*t - 5. Let j be r(20). Let i = -22 + j. Determine n(i).
-21
Let h(q) = q + 2. Let a be h(3). Let w(r) = 3*r. Let f(i) = 4*i - 1. Let y(n) = a*w(n) - 4*f(n). Suppose 15*u + 80 = 20. Determine y(u).
8
Let x(i) = i**2 - 26*i + 120. Let m be x(19). Let a(d) = 3*d + 21. What is a(m)?
-18
Let q = -14 - -44. Let z = 25 - q. Let k(o) = -o**3 - 5*o**2 - 2*o - 3. Determine k(z).
7
Let n(c) = -8*c + c**2 + c - 3 + 5 + c. Let w be (6/4)/(-4 + (-175)/(-40)). What is n(w)?
-6
Let k(w) = 52*w + 56*w + 66*w + 34 - 178*w. Calculate k(8).
2
Let j(o) = o**2 + 5*o. Suppose 2*m = 4*b - 34, m + 4*m - 15 = 0. Let a be b*((-1)/2 + 0). What is j(a)?
0
Let q(j) = j**2 - 4*j + 3. Let d(w) = 35*w + 135. Let n be d(-4). What is q(n)?
48
Let r(i) = 7*i**2 + 21*i + 7. Let y(n) = 4*n**2 + 11*n + 4. Let u(h) = 3*r(h) - 5*y(h). Let x(c) = -c**2 - 8*c. Let f(d) = -4*u(d) - 5*x(d). Determine f(-7).
-11
Let g(y) = 7*y**2 - 2*y - 2. Let x be g(1). Let p(o) = -o**2 - 5*o + 2. Let q be p(-5). Let h(m) = -3*m**2 + 5*m**q - 4 - 3*m + 0*m**2. What is h(x)?
5
Suppose 113 = -77*y + 1653. Let g(j) = 2*j - 34. Determine g(y).
6
Suppose 32*b = 2*b + 360. Let t(z) = -z + 9. Calculate t(b).
-3
Suppose -4*i + 32 = -3*w, -5*i - 6 = 16*w - 14*w. Let u(v) = v**2 + 11*v + 7. Calculate u(w).
-17
Let g(s) = s**3 - s. Let p(r) = -r**3 + 11*r**2 - 11*r + 8. Let b be 2/(-5) + (52/5 - 0). Let q be p(b). Determine g(q).
-6
Let i = -34 - -36. Suppose -d = -i*s - 14, -2*d + 12 = -s + d. Let r(f) = f**3 + 5*f**2 - 9*f - 3. What is r(s)?
15
Let r(o) = o**3 - 5*o**2 - 7*o. Let z be (1 - -1)/(-2 - 5/(-2)). Suppose -w - 3*w = -2*a - 26, -z*w - a = -23. What is r(w)?
-6
Let u be 1 - (-5)/((-20)/(-12)). Suppose 2*o = f + 43, 6 = u*